{"id":1126,"date":"2017-07-25T15:32:52","date_gmt":"2017-07-25T15:32:52","guid":{"rendered":"http:\/\/www2.unsa.edu.pe\/escuelas\/administracion\/?page_id=1126"},"modified":"2017-07-25T15:32:52","modified_gmt":"2017-07-25T15:32:52","slug":"objetivos-academicos","status":"publish","type":"page","link":"https:\/\/fad.unsa.edu.pe\/administracioncamana\/objetivos-academicos\/","title":{"rendered":"Objetivos Acad\u00e9micos"},"content":{"rendered":"<p>Formar profesionales en Administraci\u00f3n, con capacidad de realizar an\u00e1lisis, diagnostico de aspectos \u00a0organizacionales y de gesti\u00f3n de las entidades productivas, y de plantear soluciones a la problem\u00e1tica existente<\/p>\n<p>Preparar a los estudiantes en las \u00c1rea de gesti\u00f3n de instituciones p\u00fablicas o privadas (Planificaci\u00f3n, Organizaci\u00f3n, Integraci\u00f3n, Direcci\u00f3n y Control) para las distintas funciones empresariales:<\/p>\n<ul>\n<li>Finanzas<\/li>\n<li>Marketing<\/li>\n<li>Recursos Humano<\/li>\n<li>Log\u00edstica y Producci\u00f3n<\/li>\n<\/ul>\n<p>Preparar a nuestros estudiantes en los an\u00e1lisis de los problemas administrativos socioecon\u00f3micos del pa\u00eds y de la regi\u00f3n sur, y que propongan soluciones factibles y eficientes<\/p>\n<p>Lograr el nexo entre el pregrado y el posgrado, con permanente actualizaci\u00f3n profesional en las unidades de Diplomado, Segunda Especialidad y Maestr\u00eda.<\/p>\n","protected":false},"excerpt":{"rendered":"<p>Formar profesionales en Administraci\u00f3n, con capacidad de realizar an\u00e1lisis, diagnostico de aspectos \u00a0organizacionales y de gesti\u00f3n de las entidades productivas, y de plantear soluciones a la problem\u00e1tica existente Preparar a los estudiantes en las \u00c1rea de gesti\u00f3n de instituciones p\u00fablicas o privadas (Planificaci\u00f3n, Organizaci\u00f3n, Integraci\u00f3n, Direcci\u00f3n y Control) para las distintas funciones empresariales: Finanzas Marketing [&hellip;]<\/p>\n","protected":false},"author":1,"featured_media":0,"parent":0,"menu_order":0,"comment_status":"closed","ping_status":"closed","template":"","meta":{"_acf_changed":false,"footnotes":""},"class_list":["post-1126","page","type-page","status-publish","hentry"],"acf":[],"_links":{"self":[{"href":"https:\/\/fad.unsa.edu.pe\/administracioncamana\/wp-json\/wp\/v2\/pages\/1126","targetHints":{"allow":["GET"]}}],"collection":[{"href":"https:\/\/fad.unsa.edu.pe\/administracioncamana\/wp-json\/wp\/v2\/pages"}],"about":[{"href":"https:\/\/fad.unsa.edu.pe\/administracioncamana\/wp-json\/wp\/v2\/types\/page"}],"author":[{"embeddable":true,"href":"https:\/\/fad.unsa.edu.pe\/administracioncamana\/wp-json\/wp\/v2\/users\/1"}],"replies":[{"embeddable":true,"href":"https:\/\/fad.unsa.edu.pe\/administracioncamana\/wp-json\/wp\/v2\/comments?post=1126"}],"version-history":[{"count":0,"href":"https:\/\/fad.unsa.edu.pe\/administracioncamana\/wp-json\/wp\/v2\/pages\/1126\/revisions"}],"wp:attachment":[{"href":"https:\/\/fad.unsa.edu.pe\/administracioncamana\/wp-json\/wp\/v2\/media?parent=1126"}],"curies":[{"name":"wp","href":"https:\/\/api.w.org\/{rel}","templated":true}]}}