{"id":1743,"date":"2025-11-05T10:41:18","date_gmt":"2025-11-05T15:41:18","guid":{"rendered":"https:\/\/fad.unsa.edu.pe\/administracioncamana\/?page_id=1743"},"modified":"2025-11-06T08:39:02","modified_gmt":"2025-11-06T13:39:02","slug":"capacitacion-del-sgc","status":"publish","type":"page","link":"https:\/\/fad.unsa.edu.pe\/administracioncamana\/capacitacion-del-sgc\/","title":{"rendered":"REUNI\u00d3N DE SENSIBILIZACI\u00d3N DEL PROGRAMA DE LA ESCUELA PROFESIONAL DE ADMINISTRACI\u00d3N CON CIEES"},"content":{"rendered":"<p><img loading=\"lazy\" decoding=\"async\" class=\"alignnone size-medium wp-image-1735\" src=\"https:\/\/fad.unsa.edu.pe\/administracioncamana\/wp-content\/uploads\/sites\/10\/2025\/11\/IMG_1875-360x203.jpg\" alt=\"\" width=\"360\" height=\"203\" \/> <img loading=\"lazy\" decoding=\"async\" class=\"alignnone size-medium wp-image-1736\" src=\"https:\/\/fad.unsa.edu.pe\/administracioncamana\/wp-content\/uploads\/sites\/10\/2025\/11\/IMG_0927-360x203.jpeg\" alt=\"\" width=\"360\" height=\"203\" srcset=\"https:\/\/fad.unsa.edu.pe\/administracioncamana\/wp-content\/uploads\/sites\/10\/2025\/11\/IMG_0927-360x203.jpeg 360w, https:\/\/fad.unsa.edu.pe\/administracioncamana\/wp-content\/uploads\/sites\/10\/2025\/11\/IMG_0927-768x432.jpeg 768w, https:\/\/fad.unsa.edu.pe\/administracioncamana\/wp-content\/uploads\/sites\/10\/2025\/11\/IMG_0927-1536x864.jpeg 1536w, https:\/\/fad.unsa.edu.pe\/administracioncamana\/wp-content\/uploads\/sites\/10\/2025\/11\/IMG_0927-2048x1152.jpeg 2048w\" sizes=\"auto, (max-width: 360px) 100vw, 360px\" \/><\/p>\n<p><img loading=\"lazy\" decoding=\"async\" class=\"alignnone size-medium wp-image-1737\" src=\"https:\/\/fad.unsa.edu.pe\/administracioncamana\/wp-content\/uploads\/sites\/10\/2025\/11\/IMG_1906-360x203.jpg\" alt=\"\" width=\"360\" height=\"203\" \/> <img loading=\"lazy\" decoding=\"async\" class=\"alignnone size-medium wp-image-1754\" src=\"https:\/\/fad.unsa.edu.pe\/administracioncamana\/wp-content\/uploads\/sites\/10\/2025\/11\/IMG_1855-360x203.jpg\" alt=\"\" width=\"360\" height=\"203\" \/><\/p>\n<p><img loading=\"lazy\" decoding=\"async\" class=\"alignnone size-medium wp-image-1753\" src=\"https:\/\/fad.unsa.edu.pe\/administracioncamana\/wp-content\/uploads\/sites\/10\/2025\/11\/IMG_1813-360x203.jpg\" alt=\"\" width=\"360\" height=\"203\" \/> <img loading=\"lazy\" decoding=\"async\" class=\"alignnone size-medium wp-image-1752\" src=\"https:\/\/fad.unsa.edu.pe\/administracioncamana\/wp-content\/uploads\/sites\/10\/2025\/11\/IMG_1840-360x203.jpg\" alt=\"\" width=\"360\" height=\"203\" \/><\/p>\n","protected":false},"excerpt":{"rendered":"","protected":false},"author":7,"featured_media":0,"parent":0,"menu_order":0,"comment_status":"closed","ping_status":"closed","template":"","meta":{"_acf_changed":false,"footnotes":""},"class_list":["post-1743","page","type-page","status-publish","hentry"],"acf":[],"_links":{"self":[{"href":"https:\/\/fad.unsa.edu.pe\/administracioncamana\/wp-json\/wp\/v2\/pages\/1743","targetHints":{"allow":["GET"]}}],"collection":[{"href":"https:\/\/fad.unsa.edu.pe\/administracioncamana\/wp-json\/wp\/v2\/pages"}],"about":[{"href":"https:\/\/fad.unsa.edu.pe\/administracioncamana\/wp-json\/wp\/v2\/types\/page"}],"author":[{"embeddable":true,"href":"https:\/\/fad.unsa.edu.pe\/administracioncamana\/wp-json\/wp\/v2\/users\/7"}],"replies":[{"embeddable":true,"href":"https:\/\/fad.unsa.edu.pe\/administracioncamana\/wp-json\/wp\/v2\/comments?post=1743"}],"version-history":[{"count":6,"href":"https:\/\/fad.unsa.edu.pe\/administracioncamana\/wp-json\/wp\/v2\/pages\/1743\/revisions"}],"predecessor-version":[{"id":1759,"href":"https:\/\/fad.unsa.edu.pe\/administracioncamana\/wp-json\/wp\/v2\/pages\/1743\/revisions\/1759"}],"wp:attachment":[{"href":"https:\/\/fad.unsa.edu.pe\/administracioncamana\/wp-json\/wp\/v2\/media?parent=1743"}],"curies":[{"name":"wp","href":"https:\/\/api.w.org\/{rel}","templated":true}]}}