{"id":1130,"date":"2017-07-25T15:34:25","date_gmt":"2017-07-25T15:34:25","guid":{"rendered":"http:\/\/www2.unsa.edu.pe\/escuelas\/administracion\/?page_id=1130"},"modified":"2025-11-06T08:46:18","modified_gmt":"2025-11-06T13:46:18","slug":"personal-administrativo","status":"publish","type":"page","link":"https:\/\/fad.unsa.edu.pe\/administracionmollendo\/personal-administrativo\/","title":{"rendered":"Personal Administrativo"},"content":{"rendered":"<table class=\"table table-striped\" cellspacing=\"0\" cellpadding=\"0\">\n<tbody>\n<tr>\n<td>Sr. Calle S\u00e1nchez Mauro Rodolfo &#8211; Gestor Administrativo de la Facultad<\/td>\n<\/tr>\n<tr>\n<td>Sr. Olazabal Peraltilla Jimmy Alfredo &#8211; Gestor Administrativo de las Filiales<\/td>\n<\/tr>\n<tr>\n<td>Sr. P\u00e9rez Velarde Jeffry &#8211; Secretario Escuela Profesional de Administraci\u00f3n<\/td>\n<\/tr>\n<tr>\n<td>Sr. Guerra Quilmes Cristhian Alonso &#8211; Asistente Administrativo Escuela Profesional de Administraci\u00f3n<\/td>\n<\/tr>\n<tr>\n<td>Srta. Pezo Candia Jenyffer Xiara &#8211; Practicante adscrita Escuela Profesional de Administraci\u00f3n<\/td>\n<\/tr>\n<tr>\n<td>Sra. Carrera Ascu\u00f1a Stefany del Milagro &#8211; Secretaria Escuela Profesional de Administraci\u00f3n Filial Mollendo<\/td>\n<\/tr>\n<tr>\n<td>Sra. Mu\u00f1os Ames Limber Carola &#8211; Secretaria Escuela Profesional de Administraci\u00f3n Filial Caman\u00e1<\/td>\n<\/tr>\n<tr>\n<td>Sra. Hurtado C\u00e1ceres Guadalupe Rosario &#8211; Secretaria Escuela Profesional de Administraci\u00f3n Filial Pedregal<\/td>\n<\/tr>\n<tr>\n<td>Sr. Palomino Huarcaya Marco Antonio &#8211; T\u00e9cnico de Laboratorio de C\u00f3mputo Facultad de Administraci\u00f3n<\/td>\n<\/tr>\n<tr>\n<td>Sr. Nifla Zagastizabal Carlos Julian &#8211; T\u00e9cnico de Laboratorio de C\u00f3mputo Facultad de Administraci\u00f3n<\/td>\n<\/tr>\n<tr>\n<td>Sr. Rodriguez Murillo Eddy Jimmy &#8211; T\u00e9cnico de Laboratorio de C\u00f3mputo Escuela Profesional de Administraci\u00f3n Filial Mollendo<\/td>\n<\/tr>\n<tr>\n<td>Sr. Gil Orue Freddy Joseph &#8211; T\u00e9cnico de Laboratorio de C\u00f3mputo Escuela Profesional de Administraci\u00f3n Filial Caman\u00e1<\/td>\n<\/tr>\n<tr>\n<td>Sra. Puma Quispe Katia Ver\u00f3nica &#8211; T\u00e9cnico de Laboratorio de C\u00f3mputo Escuela Profesional de Administraci\u00f3n Filial Pedregal<\/td>\n<\/tr>\n<\/tbody>\n<\/table>\n","protected":false},"excerpt":{"rendered":"<p>Sr. Calle S\u00e1nchez Mauro Rodolfo &#8211; Gestor Administrativo de la Facultad Sr. Olazabal Peraltilla Jimmy Alfredo &#8211; Gestor Administrativo de las Filiales Sr. P\u00e9rez Velarde Jeffry &#8211; Secretario Escuela Profesional de Administraci\u00f3n Sr. Guerra Quilmes Cristhian Alonso &#8211; Asistente Administrativo Escuela Profesional de Administraci\u00f3n Srta. Pezo Candia Jenyffer Xiara &#8211; Practicante adscrita Escuela Profesional de [&hellip;]<\/p>\n","protected":false},"author":1,"featured_media":0,"parent":0,"menu_order":0,"comment_status":"closed","ping_status":"closed","template":"","meta":{"_acf_changed":false,"footnotes":""},"class_list":["post-1130","page","type-page","status-publish","hentry"],"acf":[],"_links":{"self":[{"href":"https:\/\/fad.unsa.edu.pe\/administracionmollendo\/wp-json\/wp\/v2\/pages\/1130","targetHints":{"allow":["GET"]}}],"collection":[{"href":"https:\/\/fad.unsa.edu.pe\/administracionmollendo\/wp-json\/wp\/v2\/pages"}],"about":[{"href":"https:\/\/fad.unsa.edu.pe\/administracionmollendo\/wp-json\/wp\/v2\/types\/page"}],"author":[{"embeddable":true,"href":"https:\/\/fad.unsa.edu.pe\/administracionmollendo\/wp-json\/wp\/v2\/users\/1"}],"replies":[{"embeddable":true,"href":"https:\/\/fad.unsa.edu.pe\/administracionmollendo\/wp-json\/wp\/v2\/comments?post=1130"}],"version-history":[{"count":9,"href":"https:\/\/fad.unsa.edu.pe\/administracionmollendo\/wp-json\/wp\/v2\/pages\/1130\/revisions"}],"predecessor-version":[{"id":1762,"href":"https:\/\/fad.unsa.edu.pe\/administracionmollendo\/wp-json\/wp\/v2\/pages\/1130\/revisions\/1762"}],"wp:attachment":[{"href":"https:\/\/fad.unsa.edu.pe\/administracionmollendo\/wp-json\/wp\/v2\/media?parent=1130"}],"curies":[{"name":"wp","href":"https:\/\/api.w.org\/{rel}","templated":true}]}}