{"id":1135,"date":"2017-07-25T15:35:46","date_gmt":"2017-07-25T15:35:46","guid":{"rendered":"http:\/\/www2.unsa.edu.pe\/escuelas\/administracion\/?page_id=1135"},"modified":"2025-10-28T11:10:34","modified_gmt":"2025-10-28T16:10:34","slug":"perfil-del-egresado","status":"publish","type":"page","link":"https:\/\/fad.unsa.edu.pe\/administracionmollendo\/perfil-del-egresado\/","title":{"rendered":"Perfil del Egresado 2017"},"content":{"rendered":"<p>Tomando como modelo los principios del modelo educativo de la Universidad Nacional de San Agust\u00edn, el perfil del egresado debe de ajustarse a las siguientes caracter\u00edsticas:<\/p>\n<ul>\n<li>Es intercultural<\/li>\n<li>Es investigador<\/li>\n<li>Es interdisciplinario<\/li>\n<li>Es flexible<\/li>\n<\/ul>\n<p>De ello se desprende entonces que:<\/p>\n<p>El Profesional de Administraci\u00f3n, en el proceso y al t\u00e9rmino de la carrera ser\u00e1 una persona competitiva, de s\u00f3lidos valores y principios, con amplia visi\u00f3n de oportunidad, con conocimientos te\u00f3rico pr\u00e1cticos de Administraci\u00f3n, con caracter\u00edsticas de l\u00edder, creativo, innovador, emprendedor, proactivo, investigador e interdisciplinario, comprometido con la empresa, con la sociedad y con el medio ambiente, que administre y que garantice la eficiencia y la efectividad en el uso de los recursos en los procesos empresariales e institucionales a nivel local, regional, nacional y global.<\/p>\n","protected":false},"excerpt":{"rendered":"<p>Tomando como modelo los principios del modelo educativo de la Universidad Nacional de San Agust\u00edn, el perfil del egresado debe de ajustarse a las siguientes caracter\u00edsticas: Es intercultural Es investigador Es interdisciplinario Es flexible De ello se desprende entonces que: El Profesional de Administraci\u00f3n, en el proceso y al t\u00e9rmino de la carrera ser\u00e1 una [&hellip;]<\/p>\n","protected":false},"author":1,"featured_media":0,"parent":0,"menu_order":0,"comment_status":"closed","ping_status":"closed","template":"","meta":{"_acf_changed":false,"footnotes":""},"class_list":["post-1135","page","type-page","status-publish","hentry"],"acf":[],"_links":{"self":[{"href":"https:\/\/fad.unsa.edu.pe\/administracionmollendo\/wp-json\/wp\/v2\/pages\/1135","targetHints":{"allow":["GET"]}}],"collection":[{"href":"https:\/\/fad.unsa.edu.pe\/administracionmollendo\/wp-json\/wp\/v2\/pages"}],"about":[{"href":"https:\/\/fad.unsa.edu.pe\/administracionmollendo\/wp-json\/wp\/v2\/types\/page"}],"author":[{"embeddable":true,"href":"https:\/\/fad.unsa.edu.pe\/administracionmollendo\/wp-json\/wp\/v2\/users\/1"}],"replies":[{"embeddable":true,"href":"https:\/\/fad.unsa.edu.pe\/administracionmollendo\/wp-json\/wp\/v2\/comments?post=1135"}],"version-history":[{"count":5,"href":"https:\/\/fad.unsa.edu.pe\/administracionmollendo\/wp-json\/wp\/v2\/pages\/1135\/revisions"}],"predecessor-version":[{"id":1639,"href":"https:\/\/fad.unsa.edu.pe\/administracionmollendo\/wp-json\/wp\/v2\/pages\/1135\/revisions\/1639"}],"wp:attachment":[{"href":"https:\/\/fad.unsa.edu.pe\/administracionmollendo\/wp-json\/wp\/v2\/media?parent=1135"}],"curies":[{"name":"wp","href":"https:\/\/api.w.org\/{rel}","templated":true}]}}