{"id":1689,"date":"2025-10-29T20:04:39","date_gmt":"2025-10-30T01:04:39","guid":{"rendered":"https:\/\/fad.unsa.edu.pe\/administracionmollendo\/?page_id=1689"},"modified":"2025-10-29T20:12:51","modified_gmt":"2025-10-30T01:12:51","slug":"perfil-del-ingresante-2017","status":"publish","type":"page","link":"https:\/\/fad.unsa.edu.pe\/administracionmollendo\/perfil-del-ingresante-2017\/","title":{"rendered":"Perfil del Ingresante 2017"},"content":{"rendered":"<ul>\n<li>Posee conocimientos de matem\u00e1tica, comunicaci\u00f3n verbal y l\u00f3gico matem\u00e1tico<\/li>\n<li>Tiene capacidad de adaptaci\u00f3n e integraci\u00f3n demostrando compromiso<\/li>\n<li>Posee mentalidad positiva que permite enfrentar desaf\u00edos en entornos cambiantes<\/li>\n<li>Analiza de forma cr\u00edtica, flexible y proactiva<\/li>\n<li>Conoce la realidad nacional y global en el \u00e1mbito de las ciencias sociales, tecnolog\u00eda y ambiente<\/li>\n<li>Reconoce la importancia de la normatividad, \u00e9tica y valores<\/li>\n<\/ul>\n","protected":false},"excerpt":{"rendered":"<p>Posee conocimientos de matem\u00e1tica, comunicaci\u00f3n verbal y l\u00f3gico matem\u00e1tico Tiene capacidad de adaptaci\u00f3n e integraci\u00f3n demostrando compromiso Posee mentalidad positiva que permite enfrentar desaf\u00edos en entornos cambiantes Analiza de forma cr\u00edtica, flexible y proactiva Conoce la realidad nacional y global en el \u00e1mbito de las ciencias sociales, tecnolog\u00eda y ambiente Reconoce la importancia de la [&hellip;]<\/p>\n","protected":false},"author":7,"featured_media":0,"parent":0,"menu_order":0,"comment_status":"closed","ping_status":"closed","template":"","meta":{"_acf_changed":false,"footnotes":""},"class_list":["post-1689","page","type-page","status-publish","hentry"],"acf":[],"_links":{"self":[{"href":"https:\/\/fad.unsa.edu.pe\/administracionmollendo\/wp-json\/wp\/v2\/pages\/1689","targetHints":{"allow":["GET"]}}],"collection":[{"href":"https:\/\/fad.unsa.edu.pe\/administracionmollendo\/wp-json\/wp\/v2\/pages"}],"about":[{"href":"https:\/\/fad.unsa.edu.pe\/administracionmollendo\/wp-json\/wp\/v2\/types\/page"}],"author":[{"embeddable":true,"href":"https:\/\/fad.unsa.edu.pe\/administracionmollendo\/wp-json\/wp\/v2\/users\/7"}],"replies":[{"embeddable":true,"href":"https:\/\/fad.unsa.edu.pe\/administracionmollendo\/wp-json\/wp\/v2\/comments?post=1689"}],"version-history":[{"count":3,"href":"https:\/\/fad.unsa.edu.pe\/administracionmollendo\/wp-json\/wp\/v2\/pages\/1689\/revisions"}],"predecessor-version":[{"id":1695,"href":"https:\/\/fad.unsa.edu.pe\/administracionmollendo\/wp-json\/wp\/v2\/pages\/1689\/revisions\/1695"}],"wp:attachment":[{"href":"https:\/\/fad.unsa.edu.pe\/administracionmollendo\/wp-json\/wp\/v2\/media?parent=1689"}],"curies":[{"name":"wp","href":"https:\/\/api.w.org\/{rel}","templated":true}]}}