{"id":1073,"date":"2017-07-06T18:30:47","date_gmt":"2017-07-06T18:30:47","guid":{"rendered":"http:\/\/www2.unsa.edu.pe\/escuelas\/gestion\/?page_id=1073"},"modified":"2018-06-26T12:31:57","modified_gmt":"2018-06-26T17:31:57","slug":"vision-y-mision","status":"publish","type":"page","link":"https:\/\/fad.unsa.edu.pe\/gestion\/vision-y-mision\/","title":{"rendered":"Visi\u00f3n y Misi\u00f3n"},"content":{"rendered":"<div class=\"cua-gri\"><br \/>\n<img loading=\"lazy\" decoding=\"async\" class=\"hidden-xs alignnone size-medium wp-image-1526\" src=\"https:\/\/fad.unsa.edu.pe\/gestion\/wp-content\/uploads\/sites\/5\/2018\/06\/IMG_20160416_160329-1-360x203.jpg\" alt=\"\" width=\"360\" height=\"203\" \/><\/p>\n<h4>MISI\u00d3N<\/h4>\n<p>La Escuela Profesional de Gesti\u00f3n forma profesionales l\u00edderes innovadores y creativos del m\u00e1s alto nivel competitivo para franquear las dificultades del campo empresarial e institucional tanto p\u00fablico como privado, que puedan resolver problemas de modernizaci\u00f3n, mejora de procesos, mejora de productos, responsabilidad e inclusi\u00f3n social en armon\u00eda con el bienestar del cliente y del medio ambiente que contribuye al desarrollo de las empresas e instituciones de la regi\u00f3n y del pa\u00eds.<\/div>\n<p>&nbsp;<\/p>\n<div class=\"cua-gra\"><\/p>\n<h4><img loading=\"lazy\" decoding=\"async\" class=\"hidden-xs alignnone size-medium wp-image-1527\" src=\"https:\/\/fad.unsa.edu.pe\/gestion\/wp-content\/uploads\/sites\/5\/2018\/06\/IMG_20160416_160946-1-360x203.jpg\" alt=\"\" width=\"360\" height=\"203\" \/>VISI\u00d3N<\/h4>\n<p>Ser un referente de formaci\u00f3n profesional con reconocimiento regional y nacional por su elevado nivel de preparaci\u00f3n de gestores l\u00edderes, con competencias, conocimientos y valores que promueven el cambio en las organizaciones, capaces de resolver problemas por medio de la investigaci\u00f3n y orienten su formaci\u00f3n a obtener resultados integrales y multidisciplinarios en beneficio de la sociedad, las unidades productivas y el medio ambiente.<\/div>\n","protected":false},"excerpt":{"rendered":"<p>&nbsp;<\/p>\n","protected":false},"author":1,"featured_media":0,"parent":0,"menu_order":0,"comment_status":"closed","ping_status":"closed","template":"","meta":{"_acf_changed":false,"footnotes":""},"class_list":["post-1073","page","type-page","status-publish","hentry"],"acf":[],"_links":{"self":[{"href":"https:\/\/fad.unsa.edu.pe\/gestion\/wp-json\/wp\/v2\/pages\/1073","targetHints":{"allow":["GET"]}}],"collection":[{"href":"https:\/\/fad.unsa.edu.pe\/gestion\/wp-json\/wp\/v2\/pages"}],"about":[{"href":"https:\/\/fad.unsa.edu.pe\/gestion\/wp-json\/wp\/v2\/types\/page"}],"author":[{"embeddable":true,"href":"https:\/\/fad.unsa.edu.pe\/gestion\/wp-json\/wp\/v2\/users\/1"}],"replies":[{"embeddable":true,"href":"https:\/\/fad.unsa.edu.pe\/gestion\/wp-json\/wp\/v2\/comments?post=1073"}],"version-history":[{"count":13,"href":"https:\/\/fad.unsa.edu.pe\/gestion\/wp-json\/wp\/v2\/pages\/1073\/revisions"}],"predecessor-version":[{"id":1631,"href":"https:\/\/fad.unsa.edu.pe\/gestion\/wp-json\/wp\/v2\/pages\/1073\/revisions\/1631"}],"wp:attachment":[{"href":"https:\/\/fad.unsa.edu.pe\/gestion\/wp-json\/wp\/v2\/media?parent=1073"}],"curies":[{"name":"wp","href":"https:\/\/api.w.org\/{rel}","templated":true}]}}