{"id":1095,"date":"2017-07-06T19:25:55","date_gmt":"2017-07-06T19:25:55","guid":{"rendered":"http:\/\/www2.unsa.edu.pe\/escuelas\/gestion\/?page_id=1095"},"modified":"2022-08-25T12:32:16","modified_gmt":"2022-08-25T17:32:16","slug":"competencias-de-la-carrera","status":"publish","type":"page","link":"https:\/\/fad.unsa.edu.pe\/gestion\/competencias-de-la-carrera\/","title":{"rendered":"Competencias de la Carrera"},"content":{"rendered":"<h4><strong>COMPETENCIAS GEN\u00c9RICAS<\/strong><\/h4>\n<ul>\n<li><strong>G1 &#8211; Liderazgo:<\/strong> Analiza y Aplica la teor\u00eda, procedimientos y t\u00e9cnicas de liderazgo, considerando valores \u00e9ticos, morales e inclusivos en todas las actividades conforme a normatividad interna de la organizaci\u00f3n y la Ley vigente.<\/li>\n<li><strong>G2 &#8211; Trabajo en Equipo:<\/strong> Analiza la teor\u00eda, procesos, funciones e instrumentos de trabajo en equipo para formular e identificar problemas, resolver estos problemas con sus integrantes del grupo de manera arm\u00f3nica y objetiva.<\/li>\n<li><strong>G3 &#8211; Responsabilidad Social:<\/strong> Diagnostica y aplica teor\u00eda e instrumentos que permita alta responsabilidad social para el an\u00e1lisis de la situaci\u00f3n de bienestar de las entidades econ\u00f3mica con cumplimiento de la Ley.<\/li>\n<li><strong>G4 &#8211; Calidad de Servicio:<\/strong> Analiza moralmente la teor\u00eda, procesos, funciones e instrumentos de calidad para optimizar los procesos de atenci\u00f3n al cliente externo y al cliente interno brindando siempre calidad de producto y\/o servicio.<\/li>\n<li><strong>G5 &#8211; Cumplimiento de Metas:<\/strong> Utiliza las t\u00e9cnicas de gesti\u00f3n para el cumplimiento de los objetivos y metas de la organizaci\u00f3n con alta efectividad.<\/li>\n<li><strong>G6 &#8211; Juicio Cr\u00edtico:<\/strong> Gestiona la teor\u00eda, procesos, funciones e instrumentos, uso de las TIC con Juicio Cr\u00edtico y de manera responsable.<\/li>\n<li><strong>G7 &#8211; \u00c9tica:<\/strong> Aplica \u00e9ticamente la evoluci\u00f3n, teor\u00eda, funciones, instrumentos de gesti\u00f3n de la mercadotecnia en el proceso social y administrativo luego de identificar de las necesidades y satisfacci\u00f3n del consumidor.<\/li>\n<li><strong>G8 &#8211; Responsabilidad Ambiental:<\/strong> Diagnostica y establece procedimientos y t\u00e9cnicas de gesti\u00f3n ambiental, con responsabilidad.<\/li>\n<\/ul>\n<h4><strong>COMPETENCIAS ESPEC\u00cdFICAS<\/strong><\/h4>\n<ul>\n<li><strong>E1 &#8211; Gesti\u00f3n Gerencial:<\/strong> Conoce los procesos que consiste en guiar a las divisiones de una empresa hacia los objetivos fijados para cada uno de sus actores, mediante planes y programas concretos para asegurar el correcto desarrollo de las operaciones y de las actividades con responsabilidad.<\/li>\n<li><strong>E2 &#8211; Gesti\u00f3n de Recursos Humanos:<\/strong> Analiza objetivamente las t\u00e9cnicas de la gesti\u00f3n de recursos humanos aplica eficientemente la legislaci\u00f3n en el manejo de recursos humanos para la mayor productividad en mejora de las organizaciones y del servicio.<\/li>\n<li><strong>E3 &#8211; Gesti\u00f3n de Producci\u00f3n:<\/strong> Analiza y gestiona responsablemente los procesos de producci\u00f3n y operaciones, dise\u00f1a procesos y mejora productos.<\/li>\n<li><strong>E4 &#8211; Gesti\u00f3n Financiera:<\/strong> Gestiona responsablemente el uso del dinero analiza estados financieros, gestiona el uso de capital de trabajo, inversiones y manejo de riesgos.<\/li>\n<li><strong>E5 &#8211; Gesti\u00f3n de Marketing:<\/strong> Gestiona la teor\u00eda, funciones e instrumentos de la mercadotecnia en las empresas con la finalidad de elevar la satisfacci\u00f3n del cliente y de las entidades, con equidad.<\/li>\n<li><strong>E6 &#8211; Gesti\u00f3n Log\u00edstica:<\/strong> Analiza y gestiona responsablemente los procesos de compra, servicios de atenci\u00f3n al cliente con alta responsabilidad.<\/li>\n<li><strong>E7 &#8211; Gesti\u00f3n de Riesgos:<\/strong> Analiza con honestidad la teor\u00eda, procesos, funciones, legislaci\u00f3n y normas vinculadas a la siniestralidad y los riesgos tanto internos como externos de la organizaci\u00f3n.<\/li>\n<li><strong>E8 &#8211; Gesti\u00f3n de PYMES:<\/strong> Elabora su modelo de negocio, identificando sus principales puntos de atenci\u00f3n y objetivos estrat\u00e9gicos. Reconoce e interpreta informaci\u00f3n relacionada al sector financiero.<\/li>\n<li><strong>E9 &#8211; Gesti\u00f3n de Proyectos: <\/strong>Analiza la teor\u00eda, procesos, funciones e instrumentos para formular y evaluar proyectos de inversi\u00f3n, planes de negocios, que tengan viabilidad econ\u00f3mica y financiera, con honestidad y responsabilidad.<\/li>\n<li><strong>E10 &#8211; Gesti\u00f3n Estrat\u00e9gica:<\/strong> Lograr y mantener la alineaci\u00f3n entre la organizaci\u00f3n y la estrategia, hallando las sinergias existentes. Esta coordinaci\u00f3n es vital para una ejecuci\u00f3n estrat\u00e9gica efectiva. Debe desarrollar y desplegar el Cuadro de Mando Integral a todos los niveles.<\/li>\n<\/ul>\n","protected":false},"excerpt":{"rendered":"<p>COMPETENCIAS GEN\u00c9RICAS G1 &#8211; Liderazgo: Analiza y Aplica la teor\u00eda, procedimientos y t\u00e9cnicas de liderazgo, considerando valores \u00e9ticos, morales e inclusivos en todas las actividades conforme a normatividad interna de la organizaci\u00f3n y la Ley vigente. G2 &#8211; Trabajo en Equipo: Analiza la teor\u00eda, procesos, funciones e instrumentos de trabajo en equipo para formular e [&hellip;]<\/p>\n","protected":false},"author":1,"featured_media":1530,"parent":0,"menu_order":0,"comment_status":"closed","ping_status":"closed","template":"","meta":{"_acf_changed":false,"footnotes":""},"class_list":["post-1095","page","type-page","status-publish","has-post-thumbnail","hentry"],"acf":[],"_links":{"self":[{"href":"https:\/\/fad.unsa.edu.pe\/gestion\/wp-json\/wp\/v2\/pages\/1095","targetHints":{"allow":["GET"]}}],"collection":[{"href":"https:\/\/fad.unsa.edu.pe\/gestion\/wp-json\/wp\/v2\/pages"}],"about":[{"href":"https:\/\/fad.unsa.edu.pe\/gestion\/wp-json\/wp\/v2\/types\/page"}],"author":[{"embeddable":true,"href":"https:\/\/fad.unsa.edu.pe\/gestion\/wp-json\/wp\/v2\/users\/1"}],"replies":[{"embeddable":true,"href":"https:\/\/fad.unsa.edu.pe\/gestion\/wp-json\/wp\/v2\/comments?post=1095"}],"version-history":[{"count":7,"href":"https:\/\/fad.unsa.edu.pe\/gestion\/wp-json\/wp\/v2\/pages\/1095\/revisions"}],"predecessor-version":[{"id":2029,"href":"https:\/\/fad.unsa.edu.pe\/gestion\/wp-json\/wp\/v2\/pages\/1095\/revisions\/2029"}],"wp:featuredmedia":[{"embeddable":true,"href":"https:\/\/fad.unsa.edu.pe\/gestion\/wp-json\/wp\/v2\/media\/1530"}],"wp:attachment":[{"href":"https:\/\/fad.unsa.edu.pe\/gestion\/wp-json\/wp\/v2\/media?parent=1095"}],"curies":[{"name":"wp","href":"https:\/\/api.w.org\/{rel}","templated":true}]}}