{"id":1620,"date":"2019-02-27T09:44:06","date_gmt":"2019-02-27T14:44:06","guid":{"rendered":"https:\/\/fad.unsa.edu.pe\/gestion\/?page_id=1620"},"modified":"2019-02-27T09:44:06","modified_gmt":"2019-02-27T14:44:06","slug":"perfil-del-egresado-de-gestion-con-mencion-en-gestion-de-empresas","status":"publish","type":"page","link":"https:\/\/fad.unsa.edu.pe\/gestion\/perfil-del-egresado-de-gestion-con-mencion-en-gestion-de-empresas\/","title":{"rendered":"Perfil del Egresado de Gesti\u00f3n con Menci\u00f3n en Gesti\u00f3n de Empresas"},"content":{"rendered":"<p>Son profesionales con competencias para el campo laboral empresarial del m\u00e1s alto nivel competitivo: gestores, emprendedores, orientados a resultados, eficientes en el dise\u00f1o y ejecuci\u00f3n de procesos, capaces de gestionar organizaciones en el \u00e1mbito empresarial en busca de la calidad y de servicio, comprometido con el medio ambiente y el desarrollo social sostenible. El profesional en Gesti\u00f3n debe ser capaz de responder a las necesidades de la demanda laboral que requiera la regi\u00f3n y nuestro pa\u00eds contribuyendo al desarrollo y crecimiento de la empresa en general. Han desarrollado competencias de gesti\u00f3n con iniciativa, pro actividad y capacidad para el trabajo en equipo; son personas cr\u00edticas en la b\u00fasqueda de resultados para el servicio y la calidad de vida de las personas, expertos en an\u00e1lisis e interpretaci\u00f3n pertinente a la resoluci\u00f3n de problemas y act\u00faan orientados por valores \u00e9ticos y morales.<\/p>\n","protected":false},"excerpt":{"rendered":"<p>Son profesionales con competencias para el campo laboral empresarial del m\u00e1s alto nivel competitivo: gestores, emprendedores, orientados a resultados, eficientes en el dise\u00f1o y ejecuci\u00f3n de procesos, capaces de gestionar organizaciones en el \u00e1mbito empresarial en busca de la calidad y de servicio, comprometido con el medio ambiente y el desarrollo social sostenible. El profesional [&hellip;]<\/p>\n","protected":false},"author":1,"featured_media":1223,"parent":0,"menu_order":0,"comment_status":"closed","ping_status":"closed","template":"","meta":{"_acf_changed":false,"footnotes":""},"class_list":["post-1620","page","type-page","status-publish","has-post-thumbnail","hentry"],"acf":[],"_links":{"self":[{"href":"https:\/\/fad.unsa.edu.pe\/gestion\/wp-json\/wp\/v2\/pages\/1620","targetHints":{"allow":["GET"]}}],"collection":[{"href":"https:\/\/fad.unsa.edu.pe\/gestion\/wp-json\/wp\/v2\/pages"}],"about":[{"href":"https:\/\/fad.unsa.edu.pe\/gestion\/wp-json\/wp\/v2\/types\/page"}],"author":[{"embeddable":true,"href":"https:\/\/fad.unsa.edu.pe\/gestion\/wp-json\/wp\/v2\/users\/1"}],"replies":[{"embeddable":true,"href":"https:\/\/fad.unsa.edu.pe\/gestion\/wp-json\/wp\/v2\/comments?post=1620"}],"version-history":[{"count":1,"href":"https:\/\/fad.unsa.edu.pe\/gestion\/wp-json\/wp\/v2\/pages\/1620\/revisions"}],"predecessor-version":[{"id":1621,"href":"https:\/\/fad.unsa.edu.pe\/gestion\/wp-json\/wp\/v2\/pages\/1620\/revisions\/1621"}],"wp:featuredmedia":[{"embeddable":true,"href":"https:\/\/fad.unsa.edu.pe\/gestion\/wp-json\/wp\/v2\/media\/1223"}],"wp:attachment":[{"href":"https:\/\/fad.unsa.edu.pe\/gestion\/wp-json\/wp\/v2\/media?parent=1620"}],"curies":[{"name":"wp","href":"https:\/\/api.w.org\/{rel}","templated":true}]}}