{"id":1622,"date":"2019-02-27T09:44:59","date_gmt":"2019-02-27T14:44:59","guid":{"rendered":"https:\/\/fad.unsa.edu.pe\/gestion\/?page_id=1622"},"modified":"2019-02-27T09:44:59","modified_gmt":"2019-02-27T14:44:59","slug":"perfil-del-egresado-de-gestion-con-mencion-en-gestion-de-proyectos","status":"publish","type":"page","link":"https:\/\/fad.unsa.edu.pe\/gestion\/perfil-del-egresado-de-gestion-con-mencion-en-gestion-de-proyectos\/","title":{"rendered":"Perfil del Egresado de Gesti\u00f3n con Menci\u00f3n en Gesti\u00f3n de Proyectos"},"content":{"rendered":"<p>Es un profesional con una visi\u00f3n integral de las empresas e instituciones tanto p\u00fablicas como privadas, dotado de capacidad de gesti\u00f3n estrat\u00e9gica y operativa para formular proyectos de inversi\u00f3n, evaluarlos financieramente, socialmente y por riesgos o para gestionar los proyectos en marcha y participar activamente en procesos de cambio e innovaci\u00f3n de las organizaciones. Son profesionales interesados y aptos para el desarrollo de la investigaci\u00f3n, que promueven espacios de participaci\u00f3n interdisciplinaria, teniendo en mente el compromiso con la sociedad y el medio ambiente ser\u00e1 capaz de responder adecuadamente a las demandas diferenciales del \u00e1mbito con proyectos de inversi\u00f3n y puede resolver problemas complejos orientados por valores \u00e9ticos y morales.<\/p>\n","protected":false},"excerpt":{"rendered":"<p>Es un profesional con una visi\u00f3n integral de las empresas e instituciones tanto p\u00fablicas como privadas, dotado de capacidad de gesti\u00f3n estrat\u00e9gica y operativa para formular proyectos de inversi\u00f3n, evaluarlos financieramente, socialmente y por riesgos o para gestionar los proyectos en marcha y participar activamente en procesos de cambio e innovaci\u00f3n de las organizaciones. Son [&hellip;]<\/p>\n","protected":false},"author":1,"featured_media":1530,"parent":0,"menu_order":0,"comment_status":"closed","ping_status":"closed","template":"","meta":{"_acf_changed":false,"footnotes":""},"class_list":["post-1622","page","type-page","status-publish","has-post-thumbnail","hentry"],"acf":[],"_links":{"self":[{"href":"https:\/\/fad.unsa.edu.pe\/gestion\/wp-json\/wp\/v2\/pages\/1622","targetHints":{"allow":["GET"]}}],"collection":[{"href":"https:\/\/fad.unsa.edu.pe\/gestion\/wp-json\/wp\/v2\/pages"}],"about":[{"href":"https:\/\/fad.unsa.edu.pe\/gestion\/wp-json\/wp\/v2\/types\/page"}],"author":[{"embeddable":true,"href":"https:\/\/fad.unsa.edu.pe\/gestion\/wp-json\/wp\/v2\/users\/1"}],"replies":[{"embeddable":true,"href":"https:\/\/fad.unsa.edu.pe\/gestion\/wp-json\/wp\/v2\/comments?post=1622"}],"version-history":[{"count":1,"href":"https:\/\/fad.unsa.edu.pe\/gestion\/wp-json\/wp\/v2\/pages\/1622\/revisions"}],"predecessor-version":[{"id":1623,"href":"https:\/\/fad.unsa.edu.pe\/gestion\/wp-json\/wp\/v2\/pages\/1622\/revisions\/1623"}],"wp:featuredmedia":[{"embeddable":true,"href":"https:\/\/fad.unsa.edu.pe\/gestion\/wp-json\/wp\/v2\/media\/1530"}],"wp:attachment":[{"href":"https:\/\/fad.unsa.edu.pe\/gestion\/wp-json\/wp\/v2\/media?parent=1622"}],"curies":[{"name":"wp","href":"https:\/\/api.w.org\/{rel}","templated":true}]}}