{"id":1998,"date":"2022-08-08T11:24:12","date_gmt":"2022-08-08T16:24:12","guid":{"rendered":"https:\/\/fad.unsa.edu.pe\/gestion\/?page_id=1998"},"modified":"2022-08-08T11:52:40","modified_gmt":"2022-08-08T16:52:40","slug":"guia-de-tramites-para-la-obtencion-del-grado-academico-de-bachiller-y-titulo-profesional","status":"publish","type":"page","link":"https:\/\/fad.unsa.edu.pe\/gestion\/guia-de-tramites-para-la-obtencion-del-grado-academico-de-bachiller-y-titulo-profesional\/","title":{"rendered":"GUIA DE TR\u00c1MITES PARA LA OBTENCI\u00d3N DEL GRADO ACAD\u00c9MICO DE BACHILLER Y TITULO PROFESIONAL"},"content":{"rendered":"<p><a href=\"https:\/\/fad.unsa.edu.pe\/gestion\/wp-content\/uploads\/sites\/5\/2022\/03\/OFICIO-CIRCULAR-No-008-2022-VR.AC_..pdf\" target=\"_blank\" rel=\"noopener\">Documento Oficial de Tramites de grado<\/a><\/p>\n<p>&#8212;&#8212;&#8212;&#8212;&#8212;&#8212;&#8212;&#8212;&#8212;&#8212;&#8212;&#8212;&#8212;&#8212;&#8212;&#8212;&#8212;&#8212;&#8212;&#8212;&#8212;<\/p>\n<p><a href=\"https:\/\/fad.unsa.edu.pe\/gestion\/wp-content\/uploads\/sites\/5\/2022\/03\/EGRESADOS-2020-2021-TRAMITE-PARA-OBTENER-EL-GRADO-ACADEMICO-DE-BACHILLER.pdf\" target=\"_blank\" rel=\"noopener\">TRAMITE PARA OBTENER EL GRADO ACAD\u00c9MICO DE BACHILLER, Estudiantes egresados del 2016 en adelante<\/a><\/p>\n<p>&#8212;&#8212;&#8212;&#8212;&#8212;&#8212;&#8212;&#8212;&#8212;&#8212;&#8212;&#8212;&#8212;&#8212;&#8212;&#8212;&#8212;&#8212;&#8212;&#8212;&#8212;-<\/p>\n<p><a href=\"https:\/\/fad.unsa.edu.pe\/gestion\/wp-content\/uploads\/sites\/5\/2022\/03\/VALIDO-HASTA-CUI-2015-TRAMITE-PARA-OBTENER-EL-GRADO-ACADEMICO-DE-BACHILLER.pdf\" target=\"_blank\" rel=\"noopener\">TRAMITE PARA OBTENER EL GRADO ACAD\u00c9MICO DE BACHILLER, Estudiantes con CUI 2015 y anteriores<\/a><\/p>\n<p>&#8212;&#8212;&#8212;&#8212;&#8212;&#8212;&#8212;&#8212;&#8212;&#8212;&#8212;&#8212;&#8212;&#8212;&#8212;&#8212;&#8212;&#8212;&#8212;&#8212;&#8212;-<\/p>\n<p><a href=\"https:\/\/fad.unsa.edu.pe\/gestion\/wp-content\/uploads\/sites\/5\/2022\/03\/REQUISITOS-DE-TITULACION-MODALIDAD-TESIS.pdf\" target=\"_blank\" rel=\"noopener\">REQUISITOS DE TITULACI\u00d3N MODALIDAD TESIS<\/a><\/p>\n<p>&#8212;&#8212;&#8212;&#8212;&#8212;&#8212;&#8212;&#8212;&#8212;&#8212;&#8212;&#8212;&#8212;&#8212;&#8212;&#8212;&#8212;&#8212;&#8212;&#8212;&#8212;-<\/p>\n<p><a href=\"https:\/\/fad.unsa.edu.pe\/gestion\/wp-content\/uploads\/sites\/5\/2022\/03\/EXPEDIENTE-DE-TITULO-PROFESIONAL-MODALIDAD-SUFICIENCIA-ORAL.pdf\" target=\"_blank\" rel=\"noopener\">EXPEDIENTE DE TITULO PROFESIONAL MODALIDAD SUFICIENCIA ORAL<\/a><\/p>\n","protected":false},"excerpt":{"rendered":"<p>Documento Oficial de Tramites de grado &#8212;&#8212;&#8212;&#8212;&#8212;&#8212;&#8212;&#8212;&#8212;&#8212;&#8212;&#8212;&#8212;&#8212;&#8212;&#8212;&#8212;&#8212;&#8212;&#8212;&#8212; TRAMITE PARA OBTENER EL GRADO ACAD\u00c9MICO DE BACHILLER, Estudiantes egresados del 2016 en adelante &#8212;&#8212;&#8212;&#8212;&#8212;&#8212;&#8212;&#8212;&#8212;&#8212;&#8212;&#8212;&#8212;&#8212;&#8212;&#8212;&#8212;&#8212;&#8212;&#8212;&#8212;- TRAMITE PARA OBTENER EL GRADO ACAD\u00c9MICO DE BACHILLER, Estudiantes con CUI 2015 y anteriores &#8212;&#8212;&#8212;&#8212;&#8212;&#8212;&#8212;&#8212;&#8212;&#8212;&#8212;&#8212;&#8212;&#8212;&#8212;&#8212;&#8212;&#8212;&#8212;&#8212;&#8212;- REQUISITOS DE TITULACI\u00d3N MODALIDAD TESIS &#8212;&#8212;&#8212;&#8212;&#8212;&#8212;&#8212;&#8212;&#8212;&#8212;&#8212;&#8212;&#8212;&#8212;&#8212;&#8212;&#8212;&#8212;&#8212;&#8212;&#8212;- EXPEDIENTE DE TITULO PROFESIONAL MODALIDAD SUFICIENCIA ORAL<\/p>\n","protected":false},"author":1,"featured_media":1525,"parent":0,"menu_order":0,"comment_status":"closed","ping_status":"closed","template":"","meta":{"_acf_changed":false,"footnotes":""},"class_list":["post-1998","page","type-page","status-publish","has-post-thumbnail","hentry"],"acf":[],"_links":{"self":[{"href":"https:\/\/fad.unsa.edu.pe\/gestion\/wp-json\/wp\/v2\/pages\/1998","targetHints":{"allow":["GET"]}}],"collection":[{"href":"https:\/\/fad.unsa.edu.pe\/gestion\/wp-json\/wp\/v2\/pages"}],"about":[{"href":"https:\/\/fad.unsa.edu.pe\/gestion\/wp-json\/wp\/v2\/types\/page"}],"author":[{"embeddable":true,"href":"https:\/\/fad.unsa.edu.pe\/gestion\/wp-json\/wp\/v2\/users\/1"}],"replies":[{"embeddable":true,"href":"https:\/\/fad.unsa.edu.pe\/gestion\/wp-json\/wp\/v2\/comments?post=1998"}],"version-history":[{"count":5,"href":"https:\/\/fad.unsa.edu.pe\/gestion\/wp-json\/wp\/v2\/pages\/1998\/revisions"}],"predecessor-version":[{"id":2004,"href":"https:\/\/fad.unsa.edu.pe\/gestion\/wp-json\/wp\/v2\/pages\/1998\/revisions\/2004"}],"wp:featuredmedia":[{"embeddable":true,"href":"https:\/\/fad.unsa.edu.pe\/gestion\/wp-json\/wp\/v2\/media\/1525"}],"wp:attachment":[{"href":"https:\/\/fad.unsa.edu.pe\/gestion\/wp-json\/wp\/v2\/media?parent=1998"}],"curies":[{"name":"wp","href":"https:\/\/api.w.org\/{rel}","templated":true}]}}