{"id":1148,"date":"2017-09-14T15:35:51","date_gmt":"2017-09-14T15:35:51","guid":{"rendered":"http:\/\/www2.unsa.edu.pe\/escuelas\/marketing\/?page_id=1148"},"modified":"2018-05-16T16:27:42","modified_gmt":"2018-05-16T21:27:42","slug":"campo-ocupacional","status":"publish","type":"page","link":"https:\/\/fad.unsa.edu.pe\/marketing\/campo-ocupacional\/","title":{"rendered":"Campo Ocupacional"},"content":{"rendered":"<p>El licenciado en marketing podr\u00e1 ejercer su profesi\u00f3n en:<\/p>\n<ul>\n<li>Gerencias comerciales de marketing, ventas, servicio al cliente, cadena de suministros.<\/li>\n<li>Empresas de servicios de marketing como agencias de publicidad e investigaci\u00f3n de mercado, empresas especializadas en comunicaci\u00f3n corporativa e imagen institucional.<\/li>\n<li>Consultor\u00eda en el \u00e1mbito p\u00fablico y privado en actividades vinculadas a la gesti\u00f3n comercial y de marketing.<\/li>\n<li>Emprender nuevos conceptos de negocios de preferencias con \u00e9nfasis en al \u00e1rea \u00a0 comercial y de marketing.<\/li>\n<li>Apoyar en el desarrollo de consultor\u00edas ligadas a la generaci\u00f3n de nuevos productos y servicios para el mercado nacional e internacional.<\/li>\n<\/ul>\n","protected":false},"excerpt":{"rendered":"<p>El licenciado en marketing podr\u00e1 ejercer su profesi\u00f3n en: Gerencias comerciales de marketing, ventas, servicio al cliente, cadena de suministros. Empresas de servicios de marketing como agencias de publicidad e investigaci\u00f3n de mercado, empresas especializadas en comunicaci\u00f3n corporativa e imagen institucional. Consultor\u00eda en el \u00e1mbito p\u00fablico y privado en actividades vinculadas a la gesti\u00f3n comercial [&hellip;]<\/p>\n","protected":false},"author":1,"featured_media":1268,"parent":0,"menu_order":0,"comment_status":"closed","ping_status":"closed","template":"","meta":{"_acf_changed":false,"footnotes":""},"class_list":["post-1148","page","type-page","status-publish","has-post-thumbnail","hentry"],"acf":[],"_links":{"self":[{"href":"https:\/\/fad.unsa.edu.pe\/marketing\/wp-json\/wp\/v2\/pages\/1148","targetHints":{"allow":["GET"]}}],"collection":[{"href":"https:\/\/fad.unsa.edu.pe\/marketing\/wp-json\/wp\/v2\/pages"}],"about":[{"href":"https:\/\/fad.unsa.edu.pe\/marketing\/wp-json\/wp\/v2\/types\/page"}],"author":[{"embeddable":true,"href":"https:\/\/fad.unsa.edu.pe\/marketing\/wp-json\/wp\/v2\/users\/1"}],"replies":[{"embeddable":true,"href":"https:\/\/fad.unsa.edu.pe\/marketing\/wp-json\/wp\/v2\/comments?post=1148"}],"version-history":[{"count":2,"href":"https:\/\/fad.unsa.edu.pe\/marketing\/wp-json\/wp\/v2\/pages\/1148\/revisions"}],"predecessor-version":[{"id":1270,"href":"https:\/\/fad.unsa.edu.pe\/marketing\/wp-json\/wp\/v2\/pages\/1148\/revisions\/1270"}],"wp:featuredmedia":[{"embeddable":true,"href":"https:\/\/fad.unsa.edu.pe\/marketing\/wp-json\/wp\/v2\/media\/1268"}],"wp:attachment":[{"href":"https:\/\/fad.unsa.edu.pe\/marketing\/wp-json\/wp\/v2\/media?parent=1148"}],"curies":[{"name":"wp","href":"https:\/\/api.w.org\/{rel}","templated":true}]}}