{"id":1155,"date":"2017-09-14T15:38:40","date_gmt":"2017-09-14T15:38:40","guid":{"rendered":"http:\/\/www2.unsa.edu.pe\/escuelas\/marketing\/?page_id=1155"},"modified":"2018-05-29T13:01:54","modified_gmt":"2018-05-29T18:01:54","slug":"licenciado-a-en-marketing","status":"publish","type":"page","link":"https:\/\/fad.unsa.edu.pe\/marketing\/licenciado-a-en-marketing\/","title":{"rendered":"T\u00edtulo Profesional"},"content":{"rendered":"<p>La Universidad Nacional de San Agust\u00edn, otorga a Nombre de la Naci\u00f3n, el Titulo Profesional de:<\/p>\n<h3>Licenciado en Marketing<\/h3>\n<p>A los egresados que hayan obtenido el Grado Acad\u00e9mico de Bachiller y optando por alguna de las modalidades siguientes:<\/p>\n<ul>\n<li>Una <strong>tesis de investigaci\u00f3n<\/strong> que es sustentada ante un jurado de 03 profesionales de la carrera<\/li>\n<li>Un i<strong>nforme de experiencia profesional<\/strong> en Marketing por 3 a\u00f1os consecutivos en un centro de trabajo debidamente calificado,<\/li>\n<li>Publicando y exponiendo un <strong>art\u00edculo en revista indexada<\/strong>\u00a0Base Scopus\/ISI<\/li>\n<\/ul>\n<p>Adem\u00e1s de la documentaci\u00f3n formal requerida.<\/p>\n","protected":false},"excerpt":{"rendered":"<p>La Universidad Nacional de San Agust\u00edn, otorga a Nombre de la Naci\u00f3n, el Titulo Profesional de: Licenciado en Marketing A los egresados que hayan obtenido el Grado Acad\u00e9mico de Bachiller y optando por alguna de las modalidades siguientes: Una tesis de investigaci\u00f3n que es sustentada ante un jurado de 03 profesionales de la carrera Un [&hellip;]<\/p>\n","protected":false},"author":1,"featured_media":1311,"parent":0,"menu_order":0,"comment_status":"closed","ping_status":"closed","template":"","meta":{"_acf_changed":false,"footnotes":""},"class_list":["post-1155","page","type-page","status-publish","has-post-thumbnail","hentry"],"acf":[],"_links":{"self":[{"href":"https:\/\/fad.unsa.edu.pe\/marketing\/wp-json\/wp\/v2\/pages\/1155","targetHints":{"allow":["GET"]}}],"collection":[{"href":"https:\/\/fad.unsa.edu.pe\/marketing\/wp-json\/wp\/v2\/pages"}],"about":[{"href":"https:\/\/fad.unsa.edu.pe\/marketing\/wp-json\/wp\/v2\/types\/page"}],"author":[{"embeddable":true,"href":"https:\/\/fad.unsa.edu.pe\/marketing\/wp-json\/wp\/v2\/users\/1"}],"replies":[{"embeddable":true,"href":"https:\/\/fad.unsa.edu.pe\/marketing\/wp-json\/wp\/v2\/comments?post=1155"}],"version-history":[{"count":6,"href":"https:\/\/fad.unsa.edu.pe\/marketing\/wp-json\/wp\/v2\/pages\/1155\/revisions"}],"predecessor-version":[{"id":1306,"href":"https:\/\/fad.unsa.edu.pe\/marketing\/wp-json\/wp\/v2\/pages\/1155\/revisions\/1306"}],"wp:featuredmedia":[{"embeddable":true,"href":"https:\/\/fad.unsa.edu.pe\/marketing\/wp-json\/wp\/v2\/media\/1311"}],"wp:attachment":[{"href":"https:\/\/fad.unsa.edu.pe\/marketing\/wp-json\/wp\/v2\/media?parent=1155"}],"curies":[{"name":"wp","href":"https:\/\/api.w.org\/{rel}","templated":true}]}}