{"id":1277,"date":"2018-05-25T11:05:12","date_gmt":"2018-05-25T16:05:12","guid":{"rendered":"https:\/\/fad.unsa.edu.pe\/marketing\/?page_id=1277"},"modified":"2018-05-25T15:28:20","modified_gmt":"2018-05-25T20:28:20","slug":"grado-academico","status":"publish","type":"page","link":"https:\/\/fad.unsa.edu.pe\/marketing\/grado-academico\/","title":{"rendered":"Grado Acad\u00e9mico"},"content":{"rendered":"<p>La Universidad Nacional de San Agust\u00edn, otorga a la culminaci\u00f3n de los estudios y a Nombre de la Naci\u00f3n, el Grado Acad\u00e9mico de:<\/p>\n<h3><strong>Bachiller en Marketing<\/strong><\/h3>\n<p>A los estudiantes que han cursado los 10 semestres acad\u00e9micos (05 a\u00f1os) y que hayan logrado aprobar la totalidad de los cr\u00e9ditos exigidos en su Plan de Estudios.<\/p>\n<ul>\n<li>Cr\u00e9ditos plan de estudios 2010: 200 cr\u00e9ditos<\/li>\n<li>Cr\u00e9ditos plan de estudios 2017: 220 cr\u00e9ditos<\/li>\n<\/ul>\n<p><strong>Modalidades<\/strong><\/p>\n<ul>\n<li><strong>Bachillerato Autom\u00e1tico<\/strong> (Solo ingresantes antes del 2014)<\/li>\n<li>Sustentaci\u00f3n de un <strong>Trabajo de Investigaci\u00f3n<\/strong> (Tesis)<\/li>\n<li>Documento que acredite la presentaci\u00f3n de un art\u00edculo para <strong>publicaci\u00f3n en revista indexada<\/strong> con base BASE SCOPUS, ISI o Web SCIENCIE<\/li>\n<\/ul>\n<p><strong>Requerimiento<\/strong><\/p>\n<ul>\n<li>Conocimiento de un idioma extranjero (de preferencia ingl\u00e9s) o una lengua nativa<\/li>\n<li>Adem\u00e1s de la documentaci\u00f3n formal requerida.<\/li>\n<\/ul>\n","protected":false},"excerpt":{"rendered":"<p>La Universidad Nacional de San Agust\u00edn, otorga a la culminaci\u00f3n de los estudios y a Nombre de la Naci\u00f3n, el Grado Acad\u00e9mico de: Bachiller en Marketing A los estudiantes que han cursado los 10 semestres acad\u00e9micos (05 a\u00f1os) y que hayan logrado aprobar la totalidad de los cr\u00e9ditos exigidos en su Plan de Estudios. Cr\u00e9ditos [&hellip;]<\/p>\n","protected":false},"author":1,"featured_media":1268,"parent":0,"menu_order":0,"comment_status":"closed","ping_status":"closed","template":"","meta":{"_acf_changed":false,"footnotes":""},"class_list":["post-1277","page","type-page","status-publish","has-post-thumbnail","hentry"],"acf":[],"_links":{"self":[{"href":"https:\/\/fad.unsa.edu.pe\/marketing\/wp-json\/wp\/v2\/pages\/1277","targetHints":{"allow":["GET"]}}],"collection":[{"href":"https:\/\/fad.unsa.edu.pe\/marketing\/wp-json\/wp\/v2\/pages"}],"about":[{"href":"https:\/\/fad.unsa.edu.pe\/marketing\/wp-json\/wp\/v2\/types\/page"}],"author":[{"embeddable":true,"href":"https:\/\/fad.unsa.edu.pe\/marketing\/wp-json\/wp\/v2\/users\/1"}],"replies":[{"embeddable":true,"href":"https:\/\/fad.unsa.edu.pe\/marketing\/wp-json\/wp\/v2\/comments?post=1277"}],"version-history":[{"count":19,"href":"https:\/\/fad.unsa.edu.pe\/marketing\/wp-json\/wp\/v2\/pages\/1277\/revisions"}],"predecessor-version":[{"id":1296,"href":"https:\/\/fad.unsa.edu.pe\/marketing\/wp-json\/wp\/v2\/pages\/1277\/revisions\/1296"}],"wp:featuredmedia":[{"embeddable":true,"href":"https:\/\/fad.unsa.edu.pe\/marketing\/wp-json\/wp\/v2\/media\/1268"}],"wp:attachment":[{"href":"https:\/\/fad.unsa.edu.pe\/marketing\/wp-json\/wp\/v2\/media?parent=1277"}],"curies":[{"name":"wp","href":"https:\/\/api.w.org\/{rel}","templated":true}]}}